 7 + -5. Let i be (r/8)/(1 + (-63)/72). Let m(s) = s**2 - 2*s - 1. Calculate m(i).
-1
Let r(j) = j**2 - 4*j + 6. Let s(m) = m**2 + 21*m - 55. Let c be s(3). Suppose -c*o + 386 = 301. Determine r(o).
11
Let d(y) = 12*y + 11. Let b(i) = 7*i + 5. Let s(a) = a**3 + 22*a**2 - 26*a - 76. Let u be s(-23). Let k(c) = u*b(c) + 4*d(c). Give k(7).
2
Let a(k) = 3*k - 28. Let i(s) be the second derivative of 0 - 1/6*s**3 + 7*s**2 + 7*s. Let z(b) = -2*a(b) - 5*i(b). Calculate z(-8).
-6
Let g = -806 - -804. Let q(f) be the second derivative of -f**3/6 - f**2 - 15*f. Determine q(g).
0
Suppose 0 = 9*n - 2*n + 23*n. Let p(d) be the second derivative of -d**4/12 + d**3/6 + 5*d**2/2 - 4*d. What is p(n)?
5
Let h(n) = -n**3 - 6*n**2 + 2*n + 9. Let c be h(-6). Let d be (-20)/(-60) - (-20)/18*c. Let v(u) = 6*u + 4. What is v(d)?
-14
Suppose 3*q + 5 = -2*t + 6*q, t + q = 5. Let j = 179 + -124. Let l(i) = -10*i + 53 + i - j. What is l(t)?
-20
Let a(x) = x + 35*x**2 - 18*x**2 + 15*x**2. Let u(p) = 508*p - 346. Let q be u(-4). Let c = -2377 - q. Determine a(c).
33
Let b = 2 - 3. Let u(v) be the first derivative of v**2 + v - 17/3*v**3 + 175. What is u(b)?
-18
Let d be ((-456)/22)/6 + (-18)/33 - 4. Let j(o) = -2*o**2 - 13*o + 20. Determine j(d).
-4
Let o(c) be the third derivative of -39*c**2 + 0 + 7/24*c**4 - 4/3*c**3 + 0*c - 1/60*c**5. Let l(k) = k**3 - 10*k**2 + 17*k - 2. Let u be l(8). What is o(u)?
-2
Let q = 18946 + -18957. Let m(x) = -10*x - 110. Calculate m(q).
0
Let r be (7 + -1 - 3) + 1. Let c be (2 + (5 - 4))*4/6. Let i(x) = r*x**2 - 10*x**c + 7 - 5 - 3. Give i(-1).
-7
Let m(b) = -2*b + 11. Let g be 0 + 1/(-1) - -51. Suppose 0 = -2*k + 58 - g. What is m(k)?
3
Suppose -246*s - 418 = -284*s. Let m(d) = -9*d + 45. Determine m(s).
-54
Let s(h) = -4*h**3 - 10*h**2 + h + 4. Let z be s(0). Let c(a) = 5*a**2 + 4*a + 9. Determine c(z).
105
Let s(q) = -3*q**2 - 14*q - 13. Let a(c) = c**2 + 5*c + 4. Let b(t) = -7*a(t) - 2*s(t). Let p be 1*(-30)/(-18)*-3. What is b(p)?
8
Let v = -9 + 15. Let y(x) be the second derivative of -x**4/12 + x**3/2 + 5*x**2/2 + 3358*x. What is y(v)?
-13
Let g(b) = b - 1. Suppose -2*u + 2*d - 4 = 4*d, 2*u = 3*d + 1. Let x = u - -1. Suppose 5*j + 12 - 4 = m, x = -m + j + 4. What is g(m)?
2
Let i(l) = -2*l**2 + 6*l + 4. Let r(p) = -2*p**3 + 23*p**2 - 21*p + 115. Let s be r(11). Calculate i(s).
-16
Let p be (-6)/16 - 5612/736. Let s be (4/(-6))/((-3)/(-54)). Let d be 42/9*s/p. Let o(j) = -j**2 + 8*j - 4. What is o(d)?
3
Let m(o) = -o**2 - 15*o. Suppose -5*u = y - 127 + 34, 2*y - u - 131 = 0. Let t = y + -83. Let q be m(t). Let r(g) = -g + 6. Determine r(q).
6
Let q(z) be the first derivative of -3*z**2/2 - 48*z - 67. Let j be q(-16). Let w(u) = -u - 1. Give w(j).
-1
Let h(u) = -4*u + 39. Suppose 450 = -148*j + 1486. What is h(j)?
11
Let t(u) = -u**2 + 26*u + 275. Suppose -5*s - 16*f + 20*f + 198 = 0, -4*s + f = -143. Give t(s).
3
Let g(l) be the second derivative of 1/120*l**6 + 1/3*l**4 + 0 + 44*l + 1/6*l**3 + 11/2*l**2 - 7/60*l**5. Let p(n) be the first derivative of g(n). Give p(6).
13
Let l(h) = 28*h**3 + 45*h**2 + 34*h - 5. Let u(z) = -15*z**3 - 23*z**2 - 16*z + 2. Let r(s) = -7*l(s) - 13*u(s). Determine r(-14).
37
Let k(x) = -x**3 + 2*x**2 + x - 6. Let u(g) = 248*g - 496. Let f be u(2). What is k(f)?
-6
Let k(o) = o**3 - 6*o**2 - 9*o + 8. Let f = -810 - -1051. Let m = 248 - f. Calculate k(m).
-6
Let y be (-6)/9*-3 - 1. Let z(w) be the third derivative of w**5/60 - w**4/12 + w**3/3 + 498*w**2. Give z(y).
1
Let y(v) = 5*v**2 + 8*v + 8. Let r(q) = 5*q**2 - 7*q - 11. Let d(p) = 2*p**2 - 3*p - 5. Let x(z) = -7*d(z) + 3*r(z). Let a(t) = 4*x(t) - y(t). What is a(-8)?
0
Let a(v) be the second derivative of v**4/12 - 8*v**3/3 + 17*v**2 - 47*v + 7. Give a(4).
-14
Let a(w) = 8 - 9 - 4 + 334*w - 335*w. Calculate a(-2).
-3
Let u be (3/2)/(15/280). Let b be (-14)/4*(20/u + -1). Let w(h) = -4 + b + 7 - h. Calculate w(5).
-1
Let l(j) = -j**3 - 6*j**2 - 11*j - 10. Let x be l(-4). Suppose x*g + 4*i = -i - 11, 4*g - 5*i - 53 = 0. Let f(v) = v**2 - 10*v + 9. Determine f(g).
-12
Let q(s) = -3*s - 5*s - s**2 + 14 - s. Let c(w) = 3782*w - 18920. Let l be c(5). Determine q(l).
4
Let k(h) be the second derivative of h**5/20 - h**4/6 - h**3/6 - 18*h**2 + 2515*h. What is k(0)?
-36
Let g(y) be the first derivative of 5/2*y**2 - 19 - 5*y. Determine g(2).
5
Let h(o) be the third derivative of -o**4/8 + 14*o**3/3 + 50*o**2 + 5*o + 1. Determine h(-4).
40
Let w(b) = -2*b**2 - 4*b + 5. Let s(p) be the first derivative of 2*p + 3/2*p**2 + 6. Let j be s(-2). Determine w(j).
-11
Let t(j) be the second derivative of -j**4/24 + 2*j**3/3 + 6*j**2 + 6*j - 2. Let q(i) be the first derivative of t(i). Give q(3).
1
Let a(w) = -w**3 + w**2 + w + 4. Let c be (-512)/(-84) + (-2)/21. Let q(s) = s**2 - 3*s - 18. Let h be q(c). Determine a(h).
4
Let f(v) = -v**2 - 9*v - 12. Let s = -173 - -115. Let d = -66 - s. Determine f(d).
-4
Let n(k) = -2*k**2 - 10*k - 1. Suppose 2*d - 14 + 18 = 0. Let f be (d/(-4))/(1/(-14)). What is n(f)?
-29
Let t be ((-4)/1)/(3 + (-77)/21). Let m be 4 + (8 - 2)/(t/4). Let h(p) = -3*p - 3 - 1 + 13 + 10*p - p**2. What is h(m)?
1
Let n(u) = 31*u**2 - 12*u - 3. Let y(b) = -46*b**2 + 17*b + 4. Let r = 225 - 232. Let c(d) = r*n(d) - 5*y(d). What is c(1)?
13
Let c(n) = -5*n - 48. Let h(u) = 51*u - 16. Let k be h(0). What is c(k)?
32
Let w = -7 - -19. Suppose p + 2*u - 6*u = -16, -p + 2*u = w. Let h(t) = -3*t + 3. Let v(o) = 3*o - 6. Let n(a) = 6*h(a) + 5*v(a). What is n(p)?
12
Suppose 0 = -d - 4. Let m be ((-6)/d)/((-39)/208). Let t(v) = -v**2 - 8*v - 3. Determine t(m).
-3
Let z = -43 + 49. Let n(x) be the first derivative of 1/4*x**4 + 9 - 7/3*x**3 - 9*x + 7/2*x**2. Give n(z).
-3
Let o be (-7)/(2/(-8 - -6)). Suppose -3*d - 2*j - 3*j = -19, d + 2*j = o. Let z(p) = p + 4. What is z(d)?
7
Let n(b) = -595*b - 2983. Let d be n(-5). Let g(p) be the third derivative of -p**6/120 - 2*p**5/15 - p**3/2 - 2*p**2. Give g(d).
-3
Let i(t) be the second derivative of t**6/360 + t**5/30 - t**4/4 + 31*t**3/3 + t**2 + 17*t. Let q(h) be the second derivative of i(h). What is q(-5)?
-1
Let h(a) be the third derivative of -5*a**4/24 - 2*a**3/3 + 2761*a**2. Let j be (-8 - -2*1) + 2. Determine h(j).
16
Let k(s) = 366*s - 5 - 2*s**2 + 6 + 362*s - 726*s. Suppose 5*p - p = 12. Suppose 0 = -j + p*j + 2. Calculate k(j).
-3
Suppose -27*w + 123 = 15. Let i(l) = -w*l + 1 - 2*l**2 + 7 + 0*l**2 - 3*l - l. Determine i(-6).
-16
Let j(q) = q + 11. Let x = -30 + 35. Suppose 0 = -x*u, -5*v + 2*v + 3*u + 15 = 0. Suppose 54 = -v*f + 29. Determine j(f).
6
Suppose -5*o - 3*w = -2908 + 2984, -2*w - 29 = -o. Let y(m) = -m - m**2 + 2 - 1 - 2*m. Calculate y(o).
-9
Let q be (-3)/2*(0 + 2). Suppose 5*n - 35 = 4*g, -g - 5*n = -2*g - 20. Let i(o) = -5*o + 1. Let k(c) = -5*c + 1. Let u(l) = g*i(l) + 4*k(l). What is u(q)?
-16
Suppose 24 = 4*y - 0. Suppose -y*n = -3*n. Let s(m) = -m - 1. Let x(z) = -z**2 - 4*z - 11. Let i(a) = 4*s(a) - x(a). Determine i(n).
7
Suppose -27 = 7*b - 90. Let a(y) = y**2 + 3*y - 3. Let x(u) = -u**2 + 3*u. Let k(t) = a(t) + 2*x(t). Give k(b).
-3
Suppose 4*b = -8*s + 7*s + 40, -3*s = 12. Let z(i) = i - 3*i + i + 250 - 251 - b*i**3 - i**2. What is z(-1)?
10
Suppose 0 = 34*p - 37*p + 93. Let n(v) = -v**3 + 28 - 9*v**2 + p + 29 - 101 - 2*v. Give n(-9).
5
Let u(c) = c + 4. Let d(s) = -22 + s + 8*s**3 - 5*s**3 - 5*s**3. Let b be d(0). Let n = 19 + b. Give u(n).
1
Let a(j) = -2*j**3 + 21*j**2 - 11*j + 8. Let w(p) = -p**2 + 3*p + 8. Let h be w(2). Let d be a(h). Let z be 516/72 + d/12. Let c(b) = -b + 1. Calculate c(z).
-6
Let o(i) be the first derivative of 13*i**2/2 - 113*i + 13098. What is o(8)?
-9
Let m(z) = -14*z + 41 + 544*z**2 + 14 - 115*z**2 - 428*z**2. Determine m(10).
15
Let m(i) = -i**3 + 10*i**2 - 22*i + 5. Suppose -3*g - 18*z = -21*z - 30, -4*g + 34 = -2*z. Calculate m(g).
-2
Let d(c) = -12*c + 1. Let f = -189 + 20. Let q = 170 + f. What is d(q)?
-11
Let s = 1007 + -779. Let q(d) = -s*d - 3*d**2 - 1 + 225*d - d**3 + 2*d**3. Give q(4).
3
Suppose 12 = 3*r + 6. Suppose -5*t + 14 = r*t. Let b(h) = h**2 - h + 4*h - t*h - 5*h + h**3. What is b(-3)?
-6
Let a(j) be the third derivative of -j**4/24 + j**3/6 + 2*j**2 + 158*j. Suppose 4*n + 0*n = -p + 3, 3*n = -p + 2. Let c be (n - 1)/(4/2). Give a(c